ue
Is 87739 composite?
False
Is 17513 composite?
True
Is 331 a prime number?
True
Is 1361 composite?
False
Is 5981 a composite number?
False
Is 63254 composite?
True
Is 814577 a prime number?
True
Is 70046 a composite number?
True
Is 26327 a prime number?
False
Is 294443 composite?
True
Is 98837 composite?
False
Is 69097 prime?
False
Is 59403 composite?
True
Is 1915 a composite number?
True
Is 727313 a composite number?
False
Is 13241 a composite number?
False
Is 10529 composite?
False
Is 92657 composite?
False
Is 55313 composite?
False
Is 6767 a prime number?
False
Is 629683 a prime number?
True
Is 8857 a composite number?
True
Is 42002 a prime number?
False
Is 9599 a composite number?
True
Is 643271 a prime number?
False
Is 671369 a composite number?
False
Is 65062 a prime number?
False
Is 56361 composite?
True
Is 9253 prime?
False
Is 14611 a prime number?
False
Is 1361 a composite number?
False
Is 2149 composite?
True
Is 241739 prime?
True
Is 12713 a composite number?
False
Is 744301 a prime number?
True
Is 22934 prime?
False
Is 45599 a composite number?
False
Is 55619 a composite number?
False
Is 4853 composite?
True
Is 30811 composite?
True
Is 5531 a prime number?
True
Is 11213 a prime number?
True
Is 64229 a prime number?
False
Is 3389 a prime number?
True
Is 34577 composite?
True
Is 10877 a prime number?
False
Is 76457 prime?
False
Is 5563 composite?
False
Is 4667 composite?
True
Is 761477 a composite number?
False
Is 32183 a composite number?
False
Is 67919 a composite number?
True
Is 5877483 composite?
True
Is 61561 a prime number?
True
Is 78977 prime?
True
Is 87051 composite?
True
Is 20245 a composite number?
True
Is 771283 a composite number?
False
Is 46619 a composite number?
False
Is 4399 prime?
False
Is 46061 prime?
True
Is 1648909 composite?
False
Is 178681 a prime number?
True
Is 1685 a prime number?
False
Is 190699 composite?
False
Is 11083 prime?
True
Is 165161 a composite number?
False
Is 45943 a prime number?
True
Is 30737 a prime number?
False
Is 35363 a prime number?
True
Is 266885 a composite number?
True
Is 921407 prime?
True
Is 1325861 prime?
True
Is 553297 composite?
True
Is 366409 a composite number?
False
Is 155149 prime?
False
Is 495826 prime?
False
Is 1361 prime?
True
Is 55849 composite?
False
Is 358077 prime?
False
Is 29917 a composite number?
False
Is 114743 a composite number?
False
Is 29117 a composite number?
True
Is 8665 a prime number?
False
Is 102217 composite?
False
Is 889 a composite number?
True
Is 134187 prime?
False
Is 111799 prime?
True
Is 113063 composite?
False
Is 180949 composite?
False
Is 45161 a prime number?
True
Is 82637 prime?
False
Is 52243 composite?
True
Is 288179 prime?
True
Is 78899 composite?
True
Is 18391 a prime number?
False
Is 30869 a composite number?
False
Is 5749 prime?
True
Is 61763 a composite number?
True
Is 13127 composite?
False
Is 24881 a prime number?
False
Is 150473 a prime number?
True
Is 2179 prime?
True
Is 57803 composite?
False
Is 536051 composite?
False
Is 42157 prime?
True
Is 156659 a composite number?
False
Is 132817 prime?
True
Is 575153 prime?
True
Is 8542 a composite number?
True
Is 31685 a composite number?
True
Is 49319 composite?
True
Is 395419 composite?
True
Is 761029 a prime number?
False
Is 194569 composite?
False
Is 3511 a composite number?
False
Is 75179 a prime number?
False
Is 1584817 a prime number?
False
Is 3607647 a composite number?
True
Is 1415207 a prime number?
True
Is 403861 a prime number?
True
Is 273449 a composite number?
True
Is 145939 a composite number?
True
Is 131731 composite?
False
Is 74411 a prime number?
True
Is 4111293 prime?
False
Is 495923 a prime number?
True
Is 100843 prime?
False
Is 15641 composite?
False
Is 4593 prime?
False
Is 1511 a composite number?
False
Is 21379 prime?
True
Is 157 a prime number?
True
Is 3707 a composite number?
True
Is 5579 a composite number?
True
Is 143011 a prime number?
False
Is 16457 a prime number?
False
Is 9233 a prime number?
False
Is 275619 a prime number?
False
Is 99683 a prime number?
False
Is 960919 prime?
False
Is 340559 a prime number?
True
Is 660727 a prime number?
True
Is 407 a composite number?
True
Is 42059 prime?
False
Is 34081 a prime number?
False
Is 6983 a prime number?
True
Is 1321063 a composite number?
False
Is 5981 prime?
True
Is 41863 composite?
False
Is 889 a prime number?
False
Is 596341 prime?
True
Is 45481 composite?
False
Is 10111 a composite number?
False
Is 548257 a prime number?
False
Is 40855 prime?
False
Is 4358 a prime number?
False
Is 2106883 composite?
True
Is 16945 a composite number?
True
Is 8146 composite?
True
Is 133349 composite?
False
Is 27349 prime?
False
Is 8417 prime?
False
Is 988099 a prime number?
False
Is 8513 composite?
False
Is 3263 composite?
True
Is 653119 composite?
True
Is 6299 prime?
True
Is 113279 a composite number?
False
Is 483991 a prime number?
True
Is 349627 a prime number?
False
Is 120371 a composite number?
False
Is 50569 a composite number?
True
Is 19237 a composite number?
False
Is 6197 prime?
True
Is 14493 a prime number?
False
Is 3737 a composite number?
True
Is 39749 a composite number?
False
Is 7421721 a prime number?
False
Is 12071 composite?
False
Is 364535 a composite number?
True
Is 2761 a prime number?
False
Is 7607 composite?
False
Is 2246005 a prime number?
False
Is 371797 composite?
False
Is 26903 composite?
False
Is 408949 prime?
False
Is 25183 a composite number?
False
Is 17737 a composite number?
False
Is 211963 a composite number?
True
Is 57637 composite?
False
Is 9934 a composite number?
True
Is 387511 a prime number?
False
Is 28142 prime?
False
Is 56363 composite?
True
Is 39577 a composite number?
True
Is 6079 a prime number?
True
Is 70619 a composite number?
False
Is 43723 a prime number?
False
Is 443215 composite?
True
Is 6817 composite?
True
Is 35362 a prime number?
False
Is 13157 composite?
True
Is 565283 a prime number?
True
Is 392318 composite?
True
Is 3017 a composite number?
True
Is 93629 composite?
False
Is 953 a composite number?
False
Is 561833 a prime number?
False
Is 40967 prime?
False
Is 44815 a composite number?
True
Is 435529 prime?
True
Is 80007 prime?
False
Is 9487 a composite number?
True
Is 1931 prime?
True
Is 70637 prime?
False
Is 109717 a composite number?
False
Is 7253 a prime number?
True
Is 171194 composite?
True
Is 45481 composite?
False
Is 609779 a composite number?
False
Is 5293 a prime number?
False
Is 789 composite?
True
Is 1213 composite?
False
Is 317326 composite?
True
Is 570821 prime?
True
Is 44519 prime?
True
Is 68461 a prime number?
False
Is 653033 a prime number?
True
Is 26453 a prime number?
False
Is 23437 prime?
False
Is 302167 prime?
True
Is 184029 prime?
False
Is 50333 a composite number?
False
Is 772197 a prime number?
False
Is 587341 a composite number?
False
Is 1177037 prime?
True
Is 98537 composite?
True
Is 198649 prime?
False
Is 14243 a prime number?
True
Is 165469 prime?
True
Is 209249 composite?
False
Is 19937 a prime number?
True
Is 122329 prime?
False
Is 73241 prime?
False
Is 25151 a prime number?
False
Is 623366 a prime number?
False
Is 54301 composite?
True
Is 209639 a composite number?
False
Is 2811 a composite number?
True
Is 2167 a prime number?
False
Is 140081 a prime number?
False
Is 27041 prime?
False
Is 1361 composite?
False
Is 313399 composite?
False
Is 187261 composite?
True
Is 70367 prime?
False
Is 17179 prime?
False
Is 1095634 prime?
False
Is 10961 prime?
False
Is 29461 a composite number?
True
Is 72353 prime?
True
Is 292597 a composite number?
True
Is 23451 prime?
False
Is 114073 a composite number?
False
Is 7639 prime?
True
Is 14107 a composite number?
False
Is 1439 a composite number?
False
Is 245083 a composite number?
False
Is 581063 a prime number?
False
Is 388519 prime?
True
Is 54373 prime?
False
Is 250615 composite?
True
Is 13123 a prime number?
False
Is 23497 prime?
True
Is 120203 a prime number?
False
Is 18197 prime?
False
Is 498305 prime?
False
Is 4319 a prime number?
False
Is 199601 prime?
True
Is 2017 a prime number?
True
Is 31957 a composite number?
False
Is 592613 a composite number?
True
Is 181157 composite?
False
Is 232681 composite?
False
Is 1807387 composite?
False
Is 122983 prime?
False
Is 1725301 prime?
True
Is 130415 prime?
False
